15. Suppose -m - 3*x + 5 = -0*m, -2*m = 4*x - 8. Let l(r) = 2*r**3 + 7 + 7*r**m - r**3 + 6*r - r. Give l(v).
13
Suppose 5*h + 38 - 13 = 0. Let f(b) = -b**2 + 3*b - 6. Let u(c) = 2*c**2 - 7*c + 12. Let p(k) = h*f(k) - 3*u(k). Give p(5).
-1
Suppose -f + 2*f = -w - 14, 5*f + 3*w = -70. Let p be (-3)/(-12)*-6 + f/(-4). Let h(v) = -2*v**3 + v**2 - 3*v + 1. What is h(p)?
-17
Let g(n) = n**2 + 18*n + 36. Let f be g(-16). Suppose -4*d + 24 = h, -2*d - 4 = -4*h + 2. Let s(u) = -d + 2*u + u - u. Calculate s(f).
3
Let b(m) = 2*m**2 - 3*m. Let c = 39 + -36. What is b(c)?
9
Let k(j) = -2*j + j**2 - 8*j + 3 - 2*j**2. Let l be k(-10). Let z(h) = -h**3 + 4*h**2 - 4*h + 3. Determine z(l).
0
Let w(d) be the second derivative of -d - 2*d**2 + d**3 + 0 - 1/12*d**4. Suppose -5*a - 17 = 2*z, a + 5 = z - 4. What is w(z)?
4
Suppose -5*f + 4 = g - 1, 32 = 3*g - 2*f. Let w = 12 - g. Let v(d) = 2*d**3 - 2*d - 1. What is v(w)?
11
Suppose m = -0*u - 2*u - 12, 0 = u - 3*m + 6. Let c(f) = -f**2 - 5*f + 6. Let a be c(u). Let s(k) = 10*k**2 - 2*k + k + a*k + 1. What is s(1)?
10
Let l = -2 - -4. Let i = 5 - l. Suppose -i*d = -0*u - 5*u + 18, 0 = -3*u - 5*d + 4. Let p(z) = -2*z**2 + 3*z + 4. Calculate p(u).
-5
Let n = -27 + 25. Let a(p) = -3*p**3 + 6*p**2 + 4*p - 4. Let s(b) = -7*b**3 + 13*b**2 + 9*b - 9. Let m(u) = n*s(u) + 5*a(u). Give m(4).
6
Let m(f) = 3*f - 9. Let p(h) = h + 2. Let g(b) = m(b) + 2*p(b). Give g(7).
30
Let g(k) = k**3 - 10*k**2 - 12*k + 7. Suppose 6*o = 8*o. Suppose o = -5*s - 2*h + 57, -2*s - h + 12 = -s. Let p be g(s). Let c(w) = -3*w - 5. What is c(p)?
7
Let k(n) be the second derivative of -n**5/20 - n**4/2 + 4*n**3/3 + 7*n**2/2 - 42*n - 1. Determine k(-6).
-41
Suppose 5*f - 33 = 2*f. Let d = f + -8. Let g(m) = -m + 0*m + 4*m**2 - 4 - 9*m**3 + 9*m**d + m**3. What is g(-3)?
8
Let q be (-2 + (-29)/3)*-3. Suppose -5*u + 5*h - q = 0, -3 = -u - 3*h + 10. Let g(y) = 4*y**2 + 4*y + 3. Determine g(u).
11
Let f(d) = -36*d**2 + 1. Let g(t) = 73*t**2 + t - 4. Let k(s) = 2*f(s) + g(s). Suppose -4*a - 2 = 14. Let i be (0 + 1)*(1 + a). Calculate k(i).
4
Let w(o) be the second derivative of o**5/20 - 3*o**4/4 - 11*o**3/6 + 19*o**2/2 - 193*o. Determine w(10).
9
Let q be 3/4 + 834/(-24). Let i = -30 - q. Let p(v) = -v**3 + 3*v + 7*v**2 - 1 - v**2 - 6*v**2 + i*v**2. Determine p(5).
-11
Let o(q) = 8*q - 1. Let a(n) = 10*n - 5 + 4 + 3 - 1. Let p(z) = 51*z + 6. Let c(g) = 11*a(g) - 2*p(g). Let d(r) = 4*c(r) - 5*o(r). What is d(1)?
-7
Let q(o) = -13*o**2 - 20*o - 14. Let w(f) = 29*f**2 + 42*f + 28. Let d(h) = -9*q(h) - 4*w(h). Calculate d(-11).
3
Suppose 5*c = 5*y, y = -30*c + 28*c + 6. Let h(x) be the first derivative of 5/3*x**3 - 1/2*x**y - 5 - 1/4*x**4 + 5*x. Give h(5).
0
Let m(w) be the third derivative of w**5/120 + w**4/4 - 5*w**3/3 - 6*w**2. Let r(i) be the first derivative of m(i). Calculate r(5).
11
Suppose -6*n = -2*n - 96. Suppose 2*o - n = -2. Let j(u) = -13 + o + 0*u - u. Give j(-4).
2
Let r(l) = 11 + 13*l - 11*l - 2. Suppose -5*m = -133 + 163. Give r(m).
-3
Let i(a) = 17*a. Let g(v) = 17*v - 1. Let b(o) = 5*g(o) - 4*i(o). Let k(s) = 9*s - 3. Let f(q) = 6*b(q) - 11*k(q). Determine f(-4).
-9
Let w(x) = -6*x + 15. Let s(b) = b**2 - 36*b + 39. Let t be s(35). Give w(t).
-9
Let u be (1 + 6)*(-3 + 2). Let o(m) = -5*m**2 - 6*m - 5. Let g(d) = -3*d**2 - 3*d - 2. Let f(w) = u*g(w) + 4*o(w). What is f(5)?
4
Let u(y) be the first derivative of y**3/3 - 9*y**2 + 42*y + 702. Determine u(15).
-3
Let i(u) be the third derivative of u**4/24 - 2*u**3 - 15*u**2. Determine i(5).
-7
Suppose -4*k = -2*u + 2, -2 = u - 9*k + 4*k. Let x(n) be the first derivative of 3/2*n**2 + u*n - 1. Give x(-4).
-9
Let h(x) = -5*x + 3*x + 10*x**2 + 0 - 8*x**2 - 2 + x**3 + 0*x. Give h(-1).
1
Let g(w) = -6 + 11 + 9 - w. Let j be g(8). Let a(n) = -j*n + 4 - 13 - 5*n**2 + n**3 + 2 + 2*n. Determine a(6).
5
Suppose 3*w - 22 = -4*j, -4*w - 8 = -3*j - j. Let q be 2/5 - 8/20. Let c(m) = -2*m - 2 - m + q*m. Determine c(j).
-14
Let c = -41 + 42. Let w be 3/c + (0 - 1). Let i(k) = -k**2 + 4*k - 1. Let t(g) = g**2 - 4*g + 1. Let n(u) = 3*i(u) + 2*t(u). Determine n(w).
3
Suppose -3*v - 4*r + 0*r = 7, 2*r + 2 = -2*v. Let c(g) = 2 + 0 - v + 3*g**2 - 2*g**2. Give c(-2).
3
Let l(s) = s**3 + 4*s**2 - 1. Let j(v) = v**3 + v**2 - v + 1. Let z(n) = -2*j(n) + l(n). Determine z(4).
-27
Let a(t) = 7*t + 3. Let q(w) = -16*w - 7. Let z(b) = 9*a(b) + 4*q(b). Let g be 6/(-15)*(18 - 3). Determine z(g).
5
Let y(j) = -j - 32. Let h(k) = -k**2 + 25. Let x be h(-5). What is y(x)?
-32
Let m(d) = -2*d + 4. Suppose 5*f + 40 = 5*o, 2*f - 6*o + 14 = -5*o. Determine m(f).
16
Let z(o) = -o**2 - 6*o - 1. Let a be z(-6). Let f be (1 - (-2)/4)/((-12)/(-16)). Let x(s) = -12*s + 2*s + f*s. What is x(a)?
8
Let s(f) = -12*f**2 + f**2 + 5*f**3 + 30 - 6*f**3 + 14*f - 28. Calculate s(-12).
-22
Let p(t) = -t**2 - 11*t - 9. Let x(o) = 2*o**3 + 25*o**2 + 13*o + 4. Let z be x(-12). Calculate p(z).
15
Let n(a) = a + 22 + 1 - 7. Suppose -9*x + 6*x = 0. Let f be 4/(0 + -4)*x. Determine n(f).
16
Let t(v) = -v**2 + 9*v - 9. Let r = -221 + 327. Let s be 12/(-21) + r/14. Calculate t(s).
5
Let q(d) = 3*d - 1. Let x(p) = -2. Let k(v) = -q(v) + x(v). What is k(1)?
-4
Let d(b) be the first derivative of -3*b**6/40 - b**5/60 - b**4/24 - b**2/2 + 8. Let h(o) be the second derivative of d(o). Give h(-1).
9
Let i(m) = -m + 2. Suppose 12 = -4*h + 8*h. Let q be h/6 - (-18)/4. Let b(g) = g - 2. Let a be b(q). What is i(a)?
-1
Let k(y) = -y - 2*y**2 + 2*y**3 - 4*y**3 + 3*y**3 - 2. What is k(-2)?
-16
Let y(v) = -v**3 + 5*v**2 - 4*v + 7. Let l(h) = -h**2 + 3*h + 5. Let b be l(0). Give y(b).
-13
Let y(q) = -11*q + 3. Let a(i) = 32*i - 9. Let n(u) = 6*a(u) + 17*y(u). Suppose 0 = -15*k + 173*k + 7*k - 495. Determine n(k).
12
Suppose 7*d + 3 - 17 = 0. Let t(i) = -7*i**2 - 9*i**2 + 19*i**2 - d. Let f be -1*(0 - 1) - 3. Determine t(f).
10
Let i = -8 - -7. Let z be (18 - 14) + 0 + i. Let j(c) = -c + 2. Determine j(z).
-1
Let a(p) = -p**3 + p**2 + 4*p + 5. Let x(m) = -m**3 - 2*m**2 - 2*m. Let u be x(-1). Let w be -6*u/5*(-10)/3. Calculate a(w).
-27
Let i(w) be the third derivative of -w**6/120 + w**5/30 + w**4/12 - w**3/2 - 94*w**2. Give i(2).
1
Suppose 0 = 5*d - 7 - 3. Let i(b) = b - 6 + 2 + 6 - d*b. Let c be 3/(-4 + 39/12). What is i(c)?
6
Let v(t) = t - t - 3*t. Let g(n) = -2*n**2 + 17*n - 27. Let q be g(6). Give v(q).
-9
Let y(h) = 7*h - 19. Let u be y(5). Let l(s) = u*s + s**2 - 9*s - 2*s. Suppose -11 - 17 = 5*m - 2*d, 5*m + d + 16 = 0. Calculate l(m).
-4
Let j(h) = -9*h - 10. Let u(z) = -16*z - 19. Let w(p) = -7*j(p) + 4*u(p). What is w(6)?
-12
Let p(h) = -h**3 - 7*h**2 + 17*h + 6. Let z(r) = 3*r - 6. Let d be z(-1). Give p(d).
15
Let x be ((-12)/160)/(18/(-8)). Let g(p) be the third derivative of 0 + 0*p - 1/2*p**3 + x*p**5 - 5/24*p**4 + 1/120*p**6 - 4*p**2. Give g(-3).
3
Let h be -3*-2*(-2)/(-12). Let i(f) be the third derivative of -34*f**2 + 1/15*f**6 + 0 + 1/24*f**4 + 1/60*f**5 - 1/6*f**3 + 0*f. Determine i(h).
9
Let d(w) = 4*w + 23. Let s be d(14). Let v(a) = 41 - 2*a + 38 - s. Suppose 2*f = -1 - 9. Calculate v(f).
10
Let y(n) be the second derivative of n**3/6 + 12*n + 2. What is y(-6)?
-6
Let v = -2809 - -2807. Let j(p) = -p**3 + 1 + 3*p + 0*p**3 + 3*p**2 + 2. Determine j(v).
17
Let z(i) = -9*i - 8. Let q(u) = u + 1. Let h(g) = 6*q(g) + z(g). Calculate h(-10).
28
Let o(j) = -j - 7. Let c(z) be the third derivative of -z**5/60 + 3*z**4/8 + 5*z**3/6 + 15*z**2. Let i be c(10). Calculate o(i).
-2
Let p = 6 + -8. Let m(w) be the second derivative of w**3/3 + 573*w. Give m(p).
-4
Let u(t) = 16*t**3 + 5*t**2 + 4*t - 4. Let h(o) = 15*o**3 + 4*o**2 + 3*o - 3. Let l(p) = -5*h(p) + 4*u(p). Suppose 5*b + 3*w - 2 = 15, b - 2*w = -7. Give l(b).
-11
Let a(u) be the second derivative of u**5/20 + u**4/3 + u**3/6 - 3*u**2/2 - 196*u. Give a(-5).
-33
Let r(h) be the first derivative of -2/3*h**3 - 3*h**2 + 1/12*h**4 + h + 10. Let s(k) be the first derivative of r(k). Give s(6).
6
Let q(r) be the second derivative of 0 - 2*r + 1/20*r**5 - 7/2*r**2 + 2/3*r**4 + r**3. Suppose -22*g + 18*g = 28. Determine q(g).
0
Let b(a) = 6*a**2 - 2*a - 3. Let p(r) = -4*r**2 - 2*r - 4*r**2 + 13*r**2 - 3. Let q(c) = -4*b(c) + 5*p(c). Give q(-2).
5
Let w(k) = -k**2 - 1. Let a be w(0). Let v(i) = 4*i**2